{"id":669,"date":"2024-11-08T13:20:43","date_gmt":"2024-11-08T13:20:43","guid":{"rendered":"https:\/\/my-better-job.fr\/?page_id=669"},"modified":"2025-01-27T14:40:15","modified_gmt":"2025-01-27T14:40:15","slug":"decouvrez-my-better-job","status":"publish","type":"page","link":"https:\/\/my-better-job.fr\/index.php\/decouvrez-my-better-job\/","title":{"rendered":"D\u00e9couvrez-My-Better-Job"},"content":{"rendered":"\n<style type=\"text\/css\" data-created_by=\"avia_inline_auto\" id=\"style-css-av-m6f5hfsj-730067368811f48e676a684ea06a2696\">\n.avia-section.av-m6f5hfsj-730067368811f48e676a684ea06a2696 .av-section-color-overlay{\nopacity:0.8;\nbackground-color:#66bc92;\n}\n<\/style>\n<div id='av_section_1'  class='avia-section av-m6f5hfsj-730067368811f48e676a684ea06a2696 main_color avia-section-default avia-no-border-styling  avia-builder-el-0  el_before_av_hr  avia-builder-el-first  avia-bg-style-scroll av-section-color-overlay-active av-section-with-video-bg container_wrap fullsize'   data-section-video-ratio='16:9'><div  class='avia-slideshow av_slideshow_obj-1-69f49a24a60ea avia-slideshow-featured av_slideshow avia-slide-slider av-slideshow-ui av-control-default av-slideshow-manual av-loop-once av-loop-manual-endless av-default-height-applied  av-section-video-bg avia-slideshow-1' data-slideshow-options=\"{&quot;animation&quot;:&quot;slide&quot;,&quot;autoplay&quot;:false,&quot;loop_autoplay&quot;:&quot;once&quot;,&quot;interval&quot;:5,&quot;loop_manual&quot;:&quot;manual-endless&quot;,&quot;autoplay_stopper&quot;:false,&quot;noNavigation&quot;:false,&quot;bg_slider&quot;:false,&quot;keep_padding&quot;:false,&quot;hoverpause&quot;:false,&quot;show_slide_delay&quot;:0}\"  itemprop=\"image\" itemscope=\"itemscope\" itemtype=\"https:\/\/schema.org\/ImageObject\" ><ul class='avia-slideshow-inner ' style='padding-bottom: 28.666666666667%;'><li  data-controls='disabled' data-mute='aviaTBaviaTBvideo_mute' data-loop='1' data-disable-autoplay=''  data-video-ratio='1.7777777777778' class='avia-slideshow-slide av_slideshow_obj-1-69f49a24a60ea__0  av-video-slide  av-video-service-youtube  av-hide-video-controls av-mute-video av-loop-video  av-single-slide slide-1 slide-odd'><div data-rel='slideshow-1' class='avia-slide-wrap '   ><div class='av-click-overlay'><\/div><div class='mejs-mediaelement'  itemprop=\"video\" itemtype=\"https:\/\/schema.org\/VideoObject\" ><div height='1600' width='900' class='av_youtube_frame' id='player_669_31970180_1764461622'  data-autoplay='0'  data-videoid='5cE6bmuvUCA'  data-hd='1'  data-rel='0'  data-wmode='opaque'  data-loop='0'  data-version='3'  data-autohide='1'  data-color='white'  data-controls='0'  data-iv_load_policy='3'  data-original_url='https:\/\/youtu.be\/5cE6bmuvUCA' ><\/div><\/div><div class=\"av-click-to-play-overlay\"><div class=\"avia_playpause_icon\"><\/div><\/div><\/div><\/li><\/ul><\/div><div class=\"av-section-color-overlay-wrap\"><div class=\"av-section-color-overlay\"><\/div><div class='container av-section-cont-open' ><main  role=\"main\" itemprop=\"mainContentOfPage\"  class='template-page content  av-content-full alpha units'><div class='post-entry post-entry-type-page post-entry-669'><div class='entry-content-wrapper clearfix'>\n\n<style type=\"text\/css\" data-created_by=\"avia_inline_auto\" id=\"style-css-av-m6f5i8o5-7c2b171efab611ec060dcfe97980b26a\">\n#top .hr.hr-invisible.av-m6f5i8o5-7c2b171efab611ec060dcfe97980b26a{\nheight:50px;\n}\n<\/style>\n<div  class='hr av-m6f5i8o5-7c2b171efab611ec060dcfe97980b26a hr-invisible  avia-builder-el-1  el_before_av_one_fifth  avia-builder-el-first '><span class='hr-inner '><span class=\"hr-inner-style\"><\/span><\/span><\/div>\n<div  class='flex_column av-av_one_fifth-7420270dda896a7728e3c90b94d24f81 av_one_fifth  avia-builder-el-2  el_after_av_hr  el_before_av_three_fifth  first flex_column_div  '     ><\/div><div  class='flex_column av-av_three_fifth-690ccb7c49e0b924437f49b53a34614c av_three_fifth  avia-builder-el-3  el_after_av_one_fifth  el_before_av_one_fifth  flex_column_div  '     ><style type=\"text\/css\" data-created_by=\"avia_inline_auto\" id=\"style-css-av-av_image-6dd6b59f412003a5c1dd82b04cc532b8\">\n.avia-image-container.av-av_image-6dd6b59f412003a5c1dd82b04cc532b8 img.avia_image{\nbox-shadow:none;\n}\n.avia-image-container.av-av_image-6dd6b59f412003a5c1dd82b04cc532b8 .av-image-caption-overlay-center{\ncolor:#ffffff;\n}\n<\/style>\n<div  class='avia-image-container av-av_image-6dd6b59f412003a5c1dd82b04cc532b8 av-styling- avia_animated_image av-animated-when-visible-95 fade-in avia-align-center  avia-builder-el-4  avia-builder-el-no-sibling '   itemprop=\"image\" itemscope=\"itemscope\" itemtype=\"https:\/\/schema.org\/ImageObject\" ><div class=\"avia-image-container-inner\"><div class=\"avia-image-overlay-wrap\"><img decoding=\"async\" class='wp-image-794 avia-img-lazy-loading-not-794 avia_image ' src=\"https:\/\/my-better-job.fr\/wp-content\/uploads\/2024\/11\/egdeux.svg\" alt='' title='egdeux'  height=\"1030\" width=\"1030\"  itemprop=\"thumbnailUrl\"  \/><\/div><\/div><\/div><\/div><div  class='flex_column av-av_one_fifth-690ccb7c49e0b924437f49b53a34614c av_one_fifth  avia-builder-el-5  el_after_av_three_fifth  avia-builder-el-last  flex_column_div  '     ><\/div><\/div><\/div><\/main><!-- close content main element --><\/div><\/div><\/div><div id='after_section_1'  class='main_color av_default_container_wrap container_wrap fullsize'  ><div class='container av-section-cont-open' ><div class='template-page content  av-content-full alpha units'><div class='post-entry post-entry-type-page post-entry-669'><div class='entry-content-wrapper clearfix'>\n<style type=\"text\/css\" data-created_by=\"avia_inline_auto\" id=\"style-css-av-m6f5n41q-561f75215931be273b4cf00a76795b10\">\n#top .hr.hr-invisible.av-m6f5n41q-561f75215931be273b4cf00a76795b10{\nheight:50px;\n}\n<\/style>\n<div  class='hr av-m6f5n41q-561f75215931be273b4cf00a76795b10 hr-invisible  avia-builder-el-6  el_after_av_section  el_before_av_one_full  avia-builder-el-first '><span class='hr-inner '><span class=\"hr-inner-style\"><\/span><\/span><\/div><\/p>\n\n<style type=\"text\/css\" data-created_by=\"avia_inline_auto\" id=\"style-css-av-m5l6nlpk-9db6fbe5336168f0f733dcf89916c32f\">\n.flex_column.av-m5l6nlpk-9db6fbe5336168f0f733dcf89916c32f{\nbackground:url(https:\/\/my-better-job.fr\/wp-content\/uploads\/2024\/06\/fond-fonc.svg) 50% 50% repeat-x scroll ;\n}\n<\/style>\n<div  class='flex_column av-m5l6nlpk-9db6fbe5336168f0f733dcf89916c32f av_one_full  avia-builder-el-7  el_after_av_hr  el_before_av_hr  degrade first flex_column_div  '     ><div  class='avia-buttonrow-wrap av-m5l68e5f-39213f144de259f100d74cd870403e6a avia-buttonrow-center  avia-builder-el-8  avia-builder-el-no-sibling '>\n\n<style type=\"text\/css\" data-created_by=\"avia_inline_auto\" id=\"style-css-av-m5l68br7-86c9fb2e2e5e007df4eb64cd3c5db801\">\n#top #wrap_all .avia-button.av-m5l68br7-86c9fb2e2e5e007df4eb64cd3c5db801{\nbackground-color:#26274e;\nborder-color:#26274e;\ntransition:all 0.4s ease-in-out;\nmargin-bottom:5px;\nmargin-right:3px;\nmargin-left:3px;\n}\n#top #wrap_all .avia-button.av-m5l68br7-86c9fb2e2e5e007df4eb64cd3c5db801:hover{\ncolor:white;\ntransition:all 0.4s ease-in-out;\n}\n<\/style>\n<a href='https:\/\/entreprise.my-better-job.fr\/signup?_gl=1*1gk9lsf*_gcl_au*MjAwMTU0NjY1NC4xNzMwMzgzMjEy'  class='avia-button av-m5l68br7-86c9fb2e2e5e007df4eb64cd3c5db801 avia-icon_select-yes-left-icon avia-size-x-large avia-font-color-theme-color'  ><span class='avia_button_icon avia_button_icon_left ' aria-hidden='true' data-av_icon='\ue832' data-av_iconfont='entypo-fontello'><\/span><span class='avia_iconbox_title' >Souscrire un compte Entreprise<\/span><span class='avia_button_background avia-button avia-color-theme-color-highlight' ><\/span><\/a>\n\n<style type=\"text\/css\" data-created_by=\"avia_inline_auto\" id=\"style-css-av-m5l68br7-39f786be3751b37c5da770aba75b784f\">\n#top #wrap_all .avia-button.av-m5l68br7-39f786be3751b37c5da770aba75b784f{\nbackground-color:#66bc92;\nborder-color:#66bc92;\ntransition:all 0.4s ease-in-out;\nmargin-bottom:5px;\nmargin-right:3px;\nmargin-left:3px;\n}\n#top #wrap_all .avia-button.av-m5l68br7-39f786be3751b37c5da770aba75b784f:hover{\ncolor:white;\ntransition:all 0.4s ease-in-out;\n}\n<\/style>\n<a href='https:\/\/organisme-formation.my-better-job.fr\/signup?_gl=1*1gk9lsf*_gcl_au*MjAwMTU0NjY1NC4xNzMwMzgzMjEy'  class='avia-button av-m5l68br7-39f786be3751b37c5da770aba75b784f avia-icon_select-yes-left-icon avia-size-x-large avia-font-color-theme-color'  ><span class='avia_button_icon avia_button_icon_left ' aria-hidden='true' data-av_icon='\ue832' data-av_iconfont='entypo-fontello'><\/span><span class='avia_iconbox_title' >Souscrire un compte Organisme de formation<\/span><span class='avia_button_background avia-button avia-color-theme-color-highlight' ><\/span><\/a>\n\n<style type=\"text\/css\" data-created_by=\"avia_inline_auto\" id=\"style-css-av-m5l6a6ui-4ec6c64ea37dc10951ff2f306b05be87\">\n#top #wrap_all .avia-button.av-m5l6a6ui-4ec6c64ea37dc10951ff2f306b05be87{\nmargin-bottom:5px;\nmargin-right:3px;\nmargin-left:3px;\n}\n<\/style>\n<a href='https:\/\/www.youtube.com\/watch?v=BwjTTrJFMs4'  class='avia-button av-m5l6a6ui-4ec6c64ea37dc10951ff2f306b05be87 avia-icon_select-yes-left-icon avia-size-x-large avia-color-theme-color'  ><span class='avia_button_icon avia_button_icon_left ' aria-hidden='true' data-av_icon='\uf16a' data-av_iconfont='entypo-fontello'><\/span><span class='avia_iconbox_title' >Tutoriel <\/span><\/a>\n<\/div><\/div>\n<style type=\"text\/css\" data-created_by=\"avia_inline_auto\" id=\"style-css-av-av_hr-3a876428eececa9d35452247ddb053af\">\n#top .hr.hr-invisible.av-av_hr-3a876428eececa9d35452247ddb053af{\nheight:50px;\n}\n<\/style>\n<div  class='hr av-av_hr-3a876428eececa9d35452247ddb053af hr-invisible  avia-builder-el-9  el_after_av_one_full  el_before_av_layout_row  avia-builder-el-last '><span class='hr-inner '><span class=\"hr-inner-style\"><\/span><\/span><\/div><\/p>\n<\/div><\/div><\/div><!-- close content main div --><\/div><\/div><div id='contact'  class='av-layout-grid-container av-av_layout_row-d30c85ea8604966f794e66568a70dbef entry-content-wrapper main_color av-flex-cells av-break-at-tablet  avia-builder-el-10  el_after_av_hr  avia-builder-el-last  grid-row-not-first  container_wrap fullsize'  >\n\n<style type=\"text\/css\" data-created_by=\"avia_inline_auto\" id=\"style-css-av-av_cell_one_third-b059ef31219e28d11a864f331f31783c\">\n.flex_cell.av-av_cell_one_third-b059ef31219e28d11a864f331f31783c{\nvertical-align:middle;\n}\n.responsive #top #wrap_all .flex_cell.av-av_cell_one_third-b059ef31219e28d11a864f331f31783c{\npadding:120px 120px 120px 120px !important;\n}\n<\/style>\n<div class='flex_cell av-av_cell_one_third-b059ef31219e28d11a864f331f31783c av-gridrow-cell av_one_third no_margin av-hide-on-mobile  avia-builder-el-11  el_before_av_cell_two_third  avia-builder-el-first  avia-full-stretch'  ><div class='flex_cell_inner'>\n<style type=\"text\/css\" data-created_by=\"avia_inline_auto\" id=\"style-css-av-1pusv9-e7b273a0b7499cdc33cd177b2cae4ebd\">\n#top .av_textblock_section.av-1pusv9-e7b273a0b7499cdc33cd177b2cae4ebd .avia_textblock{\ncolor:#26274e;\n}\n<\/style>\n<section  class='av_textblock_section av-1pusv9-e7b273a0b7499cdc33cd177b2cae4ebd '   itemscope=\"itemscope\" itemtype=\"https:\/\/schema.org\/CreativeWork\" ><div class='avia_textblock av_inherit_color'  itemprop=\"text\" ><div class=\"margin-bottom margin-medium\" style=\"text-align: center;\">\n<h2>Vous avez des questions ?<\/h2>\n<h2>Des experts \u00e0 vos c\u00f4t\u00e9s. Engag\u00e9s pour votre succ\u00e8s.<\/h2>\n<\/div>\n<div class=\"margin-bottom margin-small\" style=\"text-align: center;\"><\/div>\n<div class=\"margin-bottom margin-medium\" style=\"text-align: center;\">\n<div class=\"flex-horizon align-start\">\n<p>Profitez d&rsquo;un accompagnement personnalis\u00e9. De la prise en main au d\u00e9ploiement de l&rsquo;outil\u00a0 jusqu&rsquo;\u00e0 son utilisation quotidienne, vous ne serez jamais seul.<\/p>\n<p>Echangez r\u00e9guli\u00e8rement avec votre r\u00e9f\u00e9rent. Sp\u00e9cialiste de votre secteur d\u2019activit\u00e9, il vous conseille pour vous aider \u00e0 relever vos d\u00e9fis avec succ\u00e8s.<\/p>\n<\/div>\n<\/div>\n<\/div><\/section>\n<\/div><\/div>\n<style type=\"text\/css\" data-created_by=\"avia_inline_auto\" id=\"style-css-av-av_cell_two_third-aeb706d7a3ee73607fb544f8b7df76fd\">\n.flex_cell.av-av_cell_two_third-aeb706d7a3ee73607fb544f8b7df76fd{\nvertical-align:middle;\nbackground-color:#26274e;\n}\n.responsive #top #wrap_all .flex_cell.av-av_cell_two_third-aeb706d7a3ee73607fb544f8b7df76fd{\npadding:100px 0 100px 0 !important;\n}\n<\/style>\n<div class='flex_cell av-av_cell_two_third-aeb706d7a3ee73607fb544f8b7df76fd av-gridrow-cell av_two_third no_margin  avia-builder-el-13  el_after_av_cell_one_third  avia-builder-el-last  avia-full-contain'  ><div class='flex_cell_inner'><p><div  class='flex_column av-av_one_fifth-7420270dda896a7728e3c90b94d24f81 av_one_fifth  avia-builder-el-14  el_before_av_three_fifth  avia-builder-el-first  first flex_column_div  '     ><\/div><div  class='flex_column av-av_three_fifth-690ccb7c49e0b924437f49b53a34614c av_three_fifth  avia-builder-el-15  el_after_av_one_fifth  el_before_av_one_fifth  flex_column_div  '     ><form action=\"https:\/\/my-better-job.fr\/index.php\/decouvrez-my-better-job\/\" method=\"post\" data-fields-with-error=\"Erreurs trouv\u00e9es dans les champs suivants :\" class=\"avia_ajax_form av-form-labels-visible   avia-builder-el-16  avia-builder-el-no-sibling  av-custom-form-color av-light-form \" data-avia-form-id=\"1\" data-avia-redirect='' ><fieldset><h3 id='element_avia_1_1' class=' first_form  form_element form_fullwidth av-form-headline '><\/h3><p class='  first_form  form_element form_fullwidth' id='element_avia_2_1'><label for=\"avia_2_1\">Vous \u00eates  <abbr class=\"required\" title=\"requis(e)\">*<\/abbr><\/label><select  name=\"avia_2_1\" class=\"select is_empty\" id=\"avia_2_1\"><option   value='DRH'>DRH<\/option><option   value='DIRIGEANT(E) D\u2019ENTREPRISE'>DIRIGEANT(E) D\u2019ENTREPRISE<\/option><option   value='UN R\u00c9SEAU D\u2019ENTREPRISE'>UN R\u00c9SEAU D\u2019ENTREPRISE<\/option><option   value='UN ORGANISME DE FORMATION'>UN ORGANISME DE FORMATION<\/option><option   value='PARTICULIER'>PARTICULIER<\/option><\/select><\/p><p class='  first_form  form_element form_element_half' id='element_avia_3_1'><label for=\"avia_3_1\">Votre nom <abbr class=\"required\" title=\"requis(e)\">*<\/abbr><\/label> <input name=\"avia_3_1\" class=\"text_input is_empty\" type=\"text\" id=\"avia_3_1\" value=\"\" \/><\/p><p class='  form_element form_element_half' id='element_avia_4_1'><label for=\"avia_4_1\">Nom de votre organisme  <abbr class=\"required\" title=\"requis(e)\">*<\/abbr><\/label> <input name=\"avia_4_1\" class=\"text_input is_empty\" type=\"text\" id=\"avia_4_1\" value=\"\" \/><\/p><p class='  first_form  form_element form_element_half' id='element_avia_5_1'><label for=\"avia_5_1\">E-Mail <abbr class=\"required\" title=\"requis(e)\">*<\/abbr><\/label> <input name=\"avia_5_1\" class=\"text_input is_email\" type=\"text\" id=\"avia_5_1\" value=\"\" \/><\/p><p class='  form_element form_element_half' id='element_avia_6_1'><label for=\"avia_6_1\">T\u00e9l\u00e9phone <abbr class=\"required\" title=\"requis(e)\">*<\/abbr><\/label> <input name=\"avia_6_1\" class=\"text_input is_empty\" type=\"text\" id=\"avia_6_1\" value=\"\" \/><\/p><p class='  first_form  form_element form_fullwidth av-last-visible-form-element' id='element_avia_7_1'><label for=\"avia_7_1\" class=\"textare_label hidden textare_label_avia_7_1\">Parlez-nous de votre projet  <abbr class=\"required\" title=\"requis(e)\">*<\/abbr><\/label><textarea  name=\"avia_7_1\" class=\"text_area is_empty\" cols=\"40\" rows=\"7\" id=\"avia_7_1\" ><\/textarea><\/p><p class=\"hidden\"><input type=\"text\" name=\"avia_8_1\" class=\"hidden \" id=\"avia_8_1\" value=\"\" \/><\/p><p class=\"form_element \"><input type=\"hidden\" value=\"1\" name=\"avia_generated_form1\" \/><input type=\"submit\" value=\"Envoyer\" class=\"button\"  data-sending-label=\"Envoi\"\/><\/p><\/fieldset><\/form><div id=\"ajaxresponse_1\" class=\"ajaxresponse ajaxresponse_1 hidden\"><\/div><\/div><div  class='flex_column av-av_one_fifth-690ccb7c49e0b924437f49b53a34614c av_one_fifth  avia-builder-el-17  el_after_av_three_fifth  avia-builder-el-last  flex_column_div  '     ><\/div><\/p>\n<\/div><\/div><\/div>\n","protected":false},"excerpt":{"rendered":"","protected":false},"author":1,"featured_media":0,"parent":0,"menu_order":0,"comment_status":"closed","ping_status":"closed","template":"","meta":{"inline_featured_image":false,"footnotes":""},"class_list":["post-669","page","type-page","status-publish","hentry"],"_links":{"self":[{"href":"https:\/\/my-better-job.fr\/index.php\/wp-json\/wp\/v2\/pages\/669","targetHints":{"allow":["GET"]}}],"collection":[{"href":"https:\/\/my-better-job.fr\/index.php\/wp-json\/wp\/v2\/pages"}],"about":[{"href":"https:\/\/my-better-job.fr\/index.php\/wp-json\/wp\/v2\/types\/page"}],"author":[{"embeddable":true,"href":"https:\/\/my-better-job.fr\/index.php\/wp-json\/wp\/v2\/users\/1"}],"replies":[{"embeddable":true,"href":"https:\/\/my-better-job.fr\/index.php\/wp-json\/wp\/v2\/comments?post=669"}],"version-history":[{"count":191,"href":"https:\/\/my-better-job.fr\/index.php\/wp-json\/wp\/v2\/pages\/669\/revisions"}],"predecessor-version":[{"id":1245,"href":"https:\/\/my-better-job.fr\/index.php\/wp-json\/wp\/v2\/pages\/669\/revisions\/1245"}],"wp:attachment":[{"href":"https:\/\/my-better-job.fr\/index.php\/wp-json\/wp\/v2\/media?parent=669"}],"curies":[{"name":"wp","href":"https:\/\/api.w.org\/{rel}","templated":true}]}}